{"id":422,"date":"2018-07-25T15:02:47","date_gmt":"2018-07-25T13:02:47","guid":{"rendered":"https:\/\/academie.dm-experts.fr\/assistance\/"},"modified":"2022-03-23T14:06:55","modified_gmt":"2022-03-23T13:06:55","slug":"assistance","status":"publish","type":"page","link":"https:\/\/academie.dm-experts.fr\/en\/assistance\/","title":{"rendered":"Assistance"},"content":{"rendered":"<p>[et_pb_section fb_built=&#8221;1&#8243; _builder_version=&#8221;4.15&#8243; global_colors_info=&#8221;{}&#8221;][et_pb_row _builder_version=&#8221;4.15&#8243; global_colors_info=&#8221;{}&#8221;][et_pb_column type=&#8221;4_4&#8243; _builder_version=&#8221;4.15&#8243; global_colors_info=&#8221;{}&#8221;][et_pb_post_title meta=&#8221;off&#8221; _builder_version=&#8221;4.15&#8243; title_font_size=&#8221;60px&#8221; global_colors_info=&#8221;{}&#8221;][\/et_pb_post_title][\/et_pb_column][\/et_pb_row][et_pb_row _builder_version=&#8221;4.15&#8243; global_colors_info=&#8221;{}&#8221;][et_pb_column type=&#8221;4_4&#8243; _builder_version=&#8221;4.15&#8243; global_colors_info=&#8221;{}&#8221;][et_pb_text _builder_version=&#8221;4.15.1&#8243; hover_enabled=&#8221;0&#8243; global_colors_info=&#8221;{}&#8221; sticky_enabled=&#8221;0&#8243;]<\/p>\n<h2><strong><span style=\"font-size: 24pt;\">Questions concernant la prise en charge par les OPCO<\/span><\/strong><\/h2>\n<p><span style=\"font-size: 14pt;\"><strong>L&#8217;organisme de formation DM Experts r\u00e9pond-il aux exigences du R\u00e9f\u00e9rentiel National Qualit\u00e9 mentionn\u00e9 \u00e0 l\u2019article L. 6316-3 du Code du travail ? <\/strong><\/span><\/p>\n<p><span style=\"font-size: 14pt;\">Oui, DM Experts est certifi\u00e9 Qualiopi par AFNOR Certification. <span style=\"color: #004400;\"><a style=\"color: #004400;\" href=\"https:\/\/academie.dm-experts.fr\/wp-content\/uploads\/2021\/03\/2021-01-13_Certificat_Qualiopi_DM_Experts_2020_87211.2.pdf\"><span style=\"color: #004400;\"><span style=\"color: #004493;\">Voir notre<strong> certificat : N\u00b0 2020\/87211<\/strong><\/span><\/span><\/a><\/span>.<\/span><\/p>\n<p><strong><span style=\"font-size: 14pt;\">Les formations propos\u00e9es par DM Experts sont-elles prises en charge par les organismes de financement ?<\/span><\/strong><\/p>\n<p><span style=\"font-size: 14pt;\">Les formations propos\u00e9es par DM Experts peuvent \u00eatre prises en charge par les OPCO. N&#8217;h\u00e9sitez pas \u00e0 nous contacter sur <a href=\"mailto:academie@dm-experts.fr\">academie@dm-experts.fr<\/a> si vous recherchez un autre type de financement.<\/span><\/p>\n<p>[\/et_pb_text][\/et_pb_column][\/et_pb_row][et_pb_row column_structure=&#8221;1_2,1_2&#8243; _builder_version=&#8221;4.15&#8243; global_colors_info=&#8221;{}&#8221;][et_pb_column type=&#8221;1_2&#8243; _builder_version=&#8221;4.15&#8243; global_colors_info=&#8221;{}&#8221;][et_pb_image src=&#8221;https:\/\/academie.dm-experts.fr\/wp-content\/uploads\/2018\/07\/Perspective_1_format_1920_1279.jpg&#8221; _builder_version=&#8221;4.15&#8243; height=&#8221;230px&#8221; global_colors_info=&#8221;{}&#8221;][\/et_pb_image][\/et_pb_column][et_pb_column type=&#8221;1_2&#8243; _builder_version=&#8221;4.15&#8243; global_colors_info=&#8221;{}&#8221;][et_pb_text _builder_version=&#8221;4.15&#8243; global_colors_info=&#8221;{}&#8221;]<\/p>\n<h2>Formation au r\u00e8glement sur les DM<\/h2>\n<p>Vous trouverez ici les r\u00e9ponses aux questions les plus fr\u00e9quentes que vous \u00eates susceptibles de vous poser concernant cette formation<\/p>\n<p>[\/et_pb_text][\/et_pb_column][\/et_pb_row][et_pb_row _builder_version=&#8221;4.15&#8243; global_colors_info=&#8221;{}&#8221;][et_pb_column type=&#8221;4_4&#8243; _builder_version=&#8221;4.15&#8243; global_colors_info=&#8221;{}&#8221;][et_pb_code _builder_version=&#8221;4.15&#8243; global_colors_info=&#8221;{}&#8221;]<\/p>\n<hr>\n<p>[\/et_pb_code][\/et_pb_column][\/et_pb_row][et_pb_row _builder_version=&#8221;4.15&#8243; global_colors_info=&#8221;{}&#8221;][et_pb_column type=&#8221;4_4&#8243; _builder_version=&#8221;4.15&#8243; global_colors_info=&#8221;{}&#8221;][et_pb_text _builder_version=&#8221;4.15&#8243; global_colors_info=&#8221;{}&#8221;]<\/p>\n<h2>Prise en charge de cette formation par les OPCO<\/h2>\n<p><strong>Mon inscription \u00e0 cette formation sera prise en charge par un OPCO (op\u00e9rateur de comp\u00e9tences), dois-je payer le montant indiqu\u00e9 pour acc\u00e9der \u00e0 la formation ?<\/strong><\/p>\n<p>Oui, pour acc\u00e9der \u00e0 la formation en ligne, il est n\u00e9cessaire de faire l&#8217;avance du paiement. Une fois que vous aurez achev\u00e9 le parcours de formation, vous pourrez envoyer les documents \u00e0 votre OPCO pour en obtenir le remboursement.<\/p>\n<p>Pour la formation mixte, les conditions de paiement seront pr\u00e9cis\u00e9es dans le devis qui sera \u00e9tabli par le formateur qui interviendra dans votre entreprise.<\/p>\n<p><strong>Mais mon OPCO demande \u00e0 payer directement l&#8217;organisme de formation (paiement par &#8220;subrogation&#8221;) : que dois-je faire ?<\/strong><\/p>\n<p>Dans ce cas (pour la formation en ligne), lorsque vous aurez termin\u00e9 le parcours de formation, nous enverrons les documents \u00e0 votre OPCO avec une facture, et une fois que cette facture aura \u00e9t\u00e9 pay\u00e9e par l&#8217;OPCO, nous vous adresserons un avoir et vous reverserons le montant qui nous aura \u00e9t\u00e9 r\u00e9gl\u00e9 par votre OPCO.<\/p>\n<p>Pour la formation mixte, vous devrez d\u00e9finir comment proc\u00e9der avec le formateur qui interviendra dans votre entreprise.<\/p>\n<p><strong>Pour la prise en charge par l&#8217;OPCO, j&#8217;aurai besoin d&#8217;une convention de formation : comment l&#8217;obtenir ?<\/strong><\/p>\n<p>Pour la formation en ligne, la convention de formation vous sera envoy\u00e9e automatiquement d\u00e8s que vous aurez compl\u00e9t\u00e9 le formulaire de demande.<\/p>\n<p>Pour la formation mixte, la convention de formation vous sera propos\u00e9e par le formateur qui interviendra dans votre entreprise.<\/p>\n<p><strong>Mon OPCO me demande quelles sont les dates de d\u00e9but et de fin de la formation ?<br \/><\/strong><\/p>\n<p>Ces dates d\u00e9pendent de vous : d\u00e8s que le montant de la formation a \u00e9t\u00e9 cr\u00e9dit\u00e9 sur le compte de DM Experts, nous vous ouvrons les acc\u00e8s \u00e0 la formation pendant 6 mois (formation en ligne) ou pour 2 mois (formation mixte), et vous pouvez vous former \u00e0 votre rythme quand bon vous semble. La date de fin de formation est celle \u00e0 laquelle vous aurez achev\u00e9 le parcours de formation.<\/p>\n<p>Pour la formation en ligne, vous pouvez transmettre des dates pr\u00e9visionnelles \u00e0 votre OPCO, en vous basant sur une dur\u00e9e estim\u00e9e raisonnable.<\/p>\n<p>Pour la formation mixte, la date de fin sera la date \u00e0 laquelle l&#8217;intervention du formateur sera achev\u00e9e.<\/p>\n<p>&nbsp;<\/p>\n<p>[\/et_pb_text][\/et_pb_column][\/et_pb_row][et_pb_row _builder_version=&#8221;4.15&#8243; global_colors_info=&#8221;{}&#8221;][et_pb_column type=&#8221;4_4&#8243; _builder_version=&#8221;4.15&#8243; global_colors_info=&#8221;{}&#8221;][et_pb_code _builder_version=&#8221;4.15&#8243; global_colors_info=&#8221;{}&#8221;]<\/p>\n<hr>\n<p>[\/et_pb_code][\/et_pb_column][\/et_pb_row][et_pb_row _builder_version=&#8221;4.15&#8243; global_colors_info=&#8221;{}&#8221;][et_pb_column type=&#8221;4_4&#8243; _builder_version=&#8221;4.15&#8243; global_colors_info=&#8221;{}&#8221;][et_pb_text _builder_version=&#8221;4.15&#8243; global_colors_info=&#8221;{}&#8221;]<\/p>\n<h2>Autres questions<\/h2>\n<p>[\/et_pb_text][et_pb_accordion _builder_version=&#8221;4.15&#8243; custom_margin=&#8221;20px||20px||false|false&#8221; custom_css_toggle=&#8221;margin: 2.75% 0;&#8221; global_colors_info=&#8221;{}&#8221;][et_pb_accordion_item title=&#8221;Quels sont les horaires de la formation ?&#8221; open=&#8221;on&#8221; _builder_version=&#8221;4.15&#8243; global_colors_info=&#8221;{}&#8221;]<\/p>\n<p>Il n&#8217;y a pas d&#8217;horaires, la formation est disponible 24h\/24 : il vous suffit de disposer d&#8217;une connexion internet, et vous y acc\u00e9dez quand bon vous semble pendant 6 mois \u00e0 partir du jour o\u00f9 vous avez re\u00e7u vos codes d&#8217;acc\u00e8s.<\/p>\n<p>[\/et_pb_accordion_item][et_pb_accordion_item title=&#8221;Comment pourrai-je acc\u00e9der aux supports de formation ?&#8221; _builder_version=&#8221;4.15&#8243; global_colors_info=&#8221;{}&#8221; open=&#8221;off&#8221;]<\/p>\n<p>Les supports de formation en PDF seront accessibles \u00e0 tout moment dans la rubrique &#8220;Documents&#8221; du portail de formation et devront \u00eatre t\u00e9l\u00e9charg\u00e9s en fin de parcours.<\/p>\n<p>[\/et_pb_accordion_item][et_pb_accordion_item title=&#8221;La formation est-elle disponible en anglais ?&#8221; _builder_version=&#8221;4.15&#8243; global_colors_info=&#8221;{}&#8221; open=&#8221;off&#8221;]<\/p>\n<p>Non, cette formation n&#8217;est disponible qu&#8217;en fran\u00e7ais pour le moment : nous n&#8217;avons pas encore d\u00e9cid\u00e9 si nous r\u00e9aliserons une autre version en anglais, mais c&#8217;est en discussion.<\/p>\n<p>[\/et_pb_accordion_item][et_pb_accordion_item title=&#8221;Quelle est la date du d\u00e9but de la formation (ceci est demand\u00e9 par notre OPCA\/OPCO) ?&#8221; _builder_version=&#8221;4.15&#8243; global_colors_info=&#8221;{}&#8221; open=&#8221;off&#8221;]<\/p>\n<p>La date de d\u00e9but de la formation est celle o\u00f9 nous vous communiquons les codes d&#8217;acc\u00e8s \u00e0 la formation, ce qui est fait d\u00e8s que nous recevons de votre part le paiement de la formation. Cela d\u00e9pend donc de vous.<\/p>\n<p>[\/et_pb_accordion_item][et_pb_accordion_item title=&#8221;Je suis inscrit \u00e0 la formation, mais je n&#8217;acc\u00e8de pas aux chapitres avec mon navigateur internet&#8221; _builder_version=&#8221;4.15&#8243; global_colors_info=&#8221;{}&#8221; open=&#8221;off&#8221;]<\/p>\n<p>Nous vous conseillons d&#8217;utiliser <strong>Internet Explorer, Edge, <\/strong><strong>Google Chrome<\/strong> ou <strong>Firefox<\/strong> (pour PC, smartphone ou tablette Andro\u00efd) ou <strong>Safari<\/strong> (pour MAC, iPhone ou iPad) avec lesquels vous n&#8217;aurez pas ces blocages.<\/p>\n<p>[\/et_pb_accordion_item][et_pb_accordion_item title=&#8221;Je suis inscrit, mais je ne trouve pas le %22Forum%22 pour noter mes questions&#8221; _builder_version=&#8221;4.15&#8243; global_colors_info=&#8221;{}&#8221; open=&#8221;off&#8221;]<\/p>\n<p>Sur la page principale, vous avez un bouton \u00e0 droite intitul\u00e9 &#8220;Forums&#8221; (lorsque vous \u00eates sur PC). Lorsque vous \u00eates sur smartphone, ce bouton se trouve tout en bas. Une fois que vous \u00eates dans le &#8220;Forum&#8221;, vous devez s\u00e9lectionner le chapitre correspondant \u00e0 votre question puis cliquer sur le bouton &#8220;+&#8221; pour cr\u00e9er une nouvelle question.<\/p>\n<p>[\/et_pb_accordion_item][et_pb_accordion_item title=&#8221;Astuce concernant le %22Forum%22&#8243; _builder_version=&#8221;4.15&#8243; global_colors_info=&#8221;{}&#8221; open=&#8221;off&#8221;]<\/p>\n<p>Pour noter plus facilement vos questions au fur et \u00e0 mesure de la formation, ouvrez le &#8220;Forum&#8221; dans un nouvel onglet dans votre navigateur : ainsi, vous pourrez basculer de la formation au forum et vice-versa (sur PC, appuyez sur ALT-TAB).<\/p>\n<p>[\/et_pb_accordion_item][et_pb_accordion_item title=&#8221;Je suis inscrit : comment puis-je t\u00e9l\u00e9charger les supports de formation ?&#8221; _builder_version=&#8221;4.15&#8243; global_colors_info=&#8221;{}&#8221; open=&#8221;off&#8221;]<\/p>\n<p>Les supports de formation en PDF sont accessibles \u00e0 tout moment dans la rubrique &#8220;Documents&#8221; du portail de formation et doivent \u00eatre t\u00e9l\u00e9charg\u00e9s en fin de parcours. <\/p>\n<p>[\/et_pb_accordion_item][\/et_pb_accordion][\/et_pb_column][\/et_pb_row][\/et_pb_section]<\/p>\n","protected":false},"excerpt":{"rendered":"<p>Questions concernant la prise en charge par les OPCO L&#8217;organisme de formation DM Experts r\u00e9pond-il aux exigences du R\u00e9f\u00e9rentiel National Qualit\u00e9 mentionn\u00e9 \u00e0 l\u2019article L. 6316-3 du Code du travail ? Oui, DM Experts est certifi\u00e9 Qualiopi par AFNOR Certification. Voir notre certificat : N\u00b0 2020\/87211. Les formations propos\u00e9es par DM Experts sont-elles prises en [&hellip;]<\/p>\n","protected":false},"author":1,"featured_media":0,"parent":0,"menu_order":0,"comment_status":"closed","ping_status":"closed","template":"","meta":{"_acf_changed":false,"_et_pb_use_builder":"on","_et_pb_old_content":"","_et_gb_content_width":"","footnotes":""},"class_list":["post-422","page","type-page","status-publish","hentry"],"acf":[],"_links":{"self":[{"href":"https:\/\/academie.dm-experts.fr\/en\/wp-json\/wp\/v2\/pages\/422","targetHints":{"allow":["GET"]}}],"collection":[{"href":"https:\/\/academie.dm-experts.fr\/en\/wp-json\/wp\/v2\/pages"}],"about":[{"href":"https:\/\/academie.dm-experts.fr\/en\/wp-json\/wp\/v2\/types\/page"}],"author":[{"embeddable":true,"href":"https:\/\/academie.dm-experts.fr\/en\/wp-json\/wp\/v2\/users\/1"}],"replies":[{"embeddable":true,"href":"https:\/\/academie.dm-experts.fr\/en\/wp-json\/wp\/v2\/comments?post=422"}],"version-history":[{"count":0,"href":"https:\/\/academie.dm-experts.fr\/en\/wp-json\/wp\/v2\/pages\/422\/revisions"}],"wp:attachment":[{"href":"https:\/\/academie.dm-experts.fr\/en\/wp-json\/wp\/v2\/media?parent=422"}],"curies":[{"name":"wp","href":"https:\/\/api.w.org\/{rel}","templated":true}]}}

<p>[et_pb_section fb_built=&#8221;1&#8243; _builder_version=&#8221;4.15&#8243; global_colors_info=&#8221;{}&#8221;][et_pb_row _builder_version=&#8221;4.15&#8243; global_colors_info=&#8221;{}&#8221;][et_pb_column type=&#8221;4_4&#8243; _builder_version=&#8221;4.15&#8243; global_colors_info=&#8221;{}&#8221;][et_pb_post_title meta=&#8221;off&#8221; _builder_version=&#8221;4.15&#8243; title_font_size=&#8221;60px&#8221; global_colors_info=&#8221;{}&#8221;][/et_pb_post_title][/et_pb_column][/et_pb_row][et_pb_row _builder_version=&#8221;4.15&#8243; global_colors_info=&#8221;{}&#8221;][et_pb_column type=&#8221;4_4&#8243; _builder_version=&#8221;4.15&#8243; global_colors_info=&#8221;{}&#8221;][et_pb_text _builder_version=&#8221;4.15.1&#8243; hover_enabled=&#8221;0&#8243; global_colors_info=&#8221;{}&#8221; sticky_enabled=&#8221;0&#8243;]</p>
<h2><strong><span style="font-size: 24pt;">Questions concernant la prise en charge par les OPCO</span></strong></h2>
<p><span style="font-size: 14pt;"><strong>L&#8217;organisme de formation DM Experts répond-il aux exigences du Référentiel National Qualité mentionné à l’article L. 6316-3 du Code du travail ? </strong></span></p>
<p><span style="font-size: 14pt;">Oui, DM Experts est certifié Qualiopi par AFNOR Certification. <span style="color: #004400;"><a style="color: #004400;" href="https://academie.dm-experts.fr/wp-content/uploads/2021/03/2021-01-13_Certificat_Qualiopi_DM_Experts_2020_87211.2.pdf"><span style="color: #004400;"><span style="color: #004493;">Voir notre<strong> certificat : N° 2020/87211</strong></span></span></a></span>.</span></p>
<p><strong><span style="font-size: 14pt;">Les formations proposées par DM Experts sont-elles prises en charge par les organismes de financement ?</span></strong></p>
<p><span style="font-size: 14pt;">Les formations proposées par DM Experts peuvent être prises en charge par les OPCO. N&#8217;hésitez pas à nous contacter sur <a href="mailto:academie@dm-experts.fr">academie@dm-experts.fr</a> si vous recherchez un autre type de financement.</span></p>
<p>[/et_pb_text][/et_pb_column][/et_pb_row][et_pb_row column_structure=&#8221;1_2,1_2&#8243; _builder_version=&#8221;4.15&#8243; global_colors_info=&#8221;{}&#8221;][et_pb_column type=&#8221;1_2&#8243; _builder_version=&#8221;4.15&#8243; global_colors_info=&#8221;{}&#8221;][et_pb_image src=&#8221;https://academie.dm-experts.fr/wp-content/uploads/2018/07/Perspective_1_format_1920_1279.jpg&#8221; _builder_version=&#8221;4.15&#8243; height=&#8221;230px&#8221; global_colors_info=&#8221;{}&#8221;][/et_pb_image][/et_pb_column][et_pb_column type=&#8221;1_2&#8243; _builder_version=&#8221;4.15&#8243; global_colors_info=&#8221;{}&#8221;][et_pb_text _builder_version=&#8221;4.15&#8243; global_colors_info=&#8221;{}&#8221;]</p>
<h2>Formation au règlement sur les DM</h2>
<p>Vous trouverez ici les réponses aux questions les plus fréquentes que vous êtes susceptibles de vous poser concernant cette formation</p>
<p>[/et_pb_text][/et_pb_column][/et_pb_row][et_pb_row _builder_version=&#8221;4.15&#8243; global_colors_info=&#8221;{}&#8221;][et_pb_column type=&#8221;4_4&#8243; _builder_version=&#8221;4.15&#8243; global_colors_info=&#8221;{}&#8221;][et_pb_code _builder_version=&#8221;4.15&#8243; global_colors_info=&#8221;{}&#8221;]</p>
<hr>
<p>[/et_pb_code][/et_pb_column][/et_pb_row][et_pb_row _builder_version=&#8221;4.15&#8243; global_colors_info=&#8221;{}&#8221;][et_pb_column type=&#8221;4_4&#8243; _builder_version=&#8221;4.15&#8243; global_colors_info=&#8221;{}&#8221;][et_pb_text _builder_version=&#8221;4.15&#8243; global_colors_info=&#8221;{}&#8221;]</p>
<h2>Prise en charge de cette formation par les OPCO</h2>
<p><strong>Mon inscription à cette formation sera prise en charge par un OPCO (opérateur de compétences), dois-je payer le montant indiqué pour accéder à la formation ?</strong></p>
<p>Oui, pour accéder à la formation en ligne, il est nécessaire de faire l&#8217;avance du paiement. Une fois que vous aurez achevé le parcours de formation, vous pourrez envoyer les documents à votre OPCO pour en obtenir le remboursement.</p>
<p>Pour la formation mixte, les conditions de paiement seront précisées dans le devis qui sera établi par le formateur qui interviendra dans votre entreprise.</p>
<p><strong>Mais mon OPCO demande à payer directement l&#8217;organisme de formation (paiement par &#8220;subrogation&#8221;) : que dois-je faire ?</strong></p>
<p>Dans ce cas (pour la formation en ligne), lorsque vous aurez terminé le parcours de formation, nous enverrons les documents à votre OPCO avec une facture, et une fois que cette facture aura été payée par l&#8217;OPCO, nous vous adresserons un avoir et vous reverserons le montant qui nous aura été réglé par votre OPCO.</p>
<p>Pour la formation mixte, vous devrez définir comment procéder avec le formateur qui interviendra dans votre entreprise.</p>
<p><strong>Pour la prise en charge par l&#8217;OPCO, j&#8217;aurai besoin d&#8217;une convention de formation : comment l&#8217;obtenir ?</strong></p>
<p>Pour la formation en ligne, la convention de formation vous sera envoyée automatiquement dès que vous aurez complété le formulaire de demande.</p>
<p>Pour la formation mixte, la convention de formation vous sera proposée par le formateur qui interviendra dans votre entreprise.</p>
<p><strong>Mon OPCO me demande quelles sont les dates de début et de fin de la formation ?<br /></strong></p>
<p>Ces dates dépendent de vous : dès que le montant de la formation a été crédité sur le compte de DM Experts, nous vous ouvrons les accès à la formation pendant 6 mois (formation en ligne) ou pour 2 mois (formation mixte), et vous pouvez vous former à votre rythme quand bon vous semble. La date de fin de formation est celle à laquelle vous aurez achevé le parcours de formation.</p>
<p>Pour la formation en ligne, vous pouvez transmettre des dates prévisionnelles à votre OPCO, en vous basant sur une durée estimée raisonnable.</p>
<p>Pour la formation mixte, la date de fin sera la date à laquelle l&#8217;intervention du formateur sera achevée.</p>
<p>&nbsp;</p>
<p>[/et_pb_text][/et_pb_column][/et_pb_row][et_pb_row _builder_version=&#8221;4.15&#8243; global_colors_info=&#8221;{}&#8221;][et_pb_column type=&#8221;4_4&#8243; _builder_version=&#8221;4.15&#8243; global_colors_info=&#8221;{}&#8221;][et_pb_code _builder_version=&#8221;4.15&#8243; global_colors_info=&#8221;{}&#8221;]</p>
<hr>
<p>[/et_pb_code][/et_pb_column][/et_pb_row][et_pb_row _builder_version=&#8221;4.15&#8243; global_colors_info=&#8221;{}&#8221;][et_pb_column type=&#8221;4_4&#8243; _builder_version=&#8221;4.15&#8243; global_colors_info=&#8221;{}&#8221;][et_pb_text _builder_version=&#8221;4.15&#8243; global_colors_info=&#8221;{}&#8221;]</p>
<h2>Autres questions</h2>
<p>[/et_pb_text][et_pb_accordion _builder_version=&#8221;4.15&#8243; custom_margin=&#8221;20px||20px||false|false&#8221; custom_css_toggle=&#8221;margin: 2.75% 0;&#8221; global_colors_info=&#8221;{}&#8221;][et_pb_accordion_item title=&#8221;Quels sont les horaires de la formation ?&#8221; open=&#8221;on&#8221; _builder_version=&#8221;4.15&#8243; global_colors_info=&#8221;{}&#8221;]</p>
<p>Il n&#8217;y a pas d&#8217;horaires, la formation est disponible 24h/24 : il vous suffit de disposer d&#8217;une connexion internet, et vous y accédez quand bon vous semble pendant 6 mois à partir du jour où vous avez reçu vos codes d&#8217;accès.</p>
<p>[/et_pb_accordion_item][et_pb_accordion_item title=&#8221;Comment pourrai-je accéder aux supports de formation ?&#8221; _builder_version=&#8221;4.15&#8243; global_colors_info=&#8221;{}&#8221; open=&#8221;off&#8221;]</p>
<p>Les supports de formation en PDF seront accessibles à tout moment dans la rubrique &#8220;Documents&#8221; du portail de formation et devront être téléchargés en fin de parcours.</p>
<p>[/et_pb_accordion_item][et_pb_accordion_item title=&#8221;La formation est-elle disponible en anglais ?&#8221; _builder_version=&#8221;4.15&#8243; global_colors_info=&#8221;{}&#8221; open=&#8221;off&#8221;]</p>
<p>Non, cette formation n&#8217;est disponible qu&#8217;en français pour le moment : nous n&#8217;avons pas encore décidé si nous réaliserons une autre version en anglais, mais c&#8217;est en discussion.</p>
<p>[/et_pb_accordion_item][et_pb_accordion_item title=&#8221;Quelle est la date du début de la formation (ceci est demandé par notre OPCA/OPCO) ?&#8221; _builder_version=&#8221;4.15&#8243; global_colors_info=&#8221;{}&#8221; open=&#8221;off&#8221;]</p>
<p>La date de début de la formation est celle où nous vous communiquons les codes d&#8217;accès à la formation, ce qui est fait dès que nous recevons de votre part le paiement de la formation. Cela dépend donc de vous.</p>
<p>[/et_pb_accordion_item][et_pb_accordion_item title=&#8221;Je suis inscrit à la formation, mais je n&#8217;accède pas aux chapitres avec mon navigateur internet&#8221; _builder_version=&#8221;4.15&#8243; global_colors_info=&#8221;{}&#8221; open=&#8221;off&#8221;]</p>
<p>Nous vous conseillons d&#8217;utiliser <strong>Internet Explorer, Edge, </strong><strong>Google Chrome</strong> ou <strong>Firefox</strong> (pour PC, smartphone ou tablette Androïd) ou <strong>Safari</strong> (pour MAC, iPhone ou iPad) avec lesquels vous n&#8217;aurez pas ces blocages.</p>
<p>[/et_pb_accordion_item][et_pb_accordion_item title=&#8221;Je suis inscrit, mais je ne trouve pas le %22Forum%22 pour noter mes questions&#8221; _builder_version=&#8221;4.15&#8243; global_colors_info=&#8221;{}&#8221; open=&#8221;off&#8221;]</p>
<p>Sur la page principale, vous avez un bouton à droite intitulé &#8220;Forums&#8221; (lorsque vous êtes sur PC). Lorsque vous êtes sur smartphone, ce bouton se trouve tout en bas. Une fois que vous êtes dans le &#8220;Forum&#8221;, vous devez sélectionner le chapitre correspondant à votre question puis cliquer sur le bouton &#8220;+&#8221; pour créer une nouvelle question.</p>
<p>[/et_pb_accordion_item][et_pb_accordion_item title=&#8221;Astuce concernant le %22Forum%22&#8243; _builder_version=&#8221;4.15&#8243; global_colors_info=&#8221;{}&#8221; open=&#8221;off&#8221;]</p>
<p>Pour noter plus facilement vos questions au fur et à mesure de la formation, ouvrez le &#8220;Forum&#8221; dans un nouvel onglet dans votre navigateur : ainsi, vous pourrez basculer de la formation au forum et vice-versa (sur PC, appuyez sur ALT-TAB).</p>
<p>[/et_pb_accordion_item][et_pb_accordion_item title=&#8221;Je suis inscrit : comment puis-je télécharger les supports de formation ?&#8221; _builder_version=&#8221;4.15&#8243; global_colors_info=&#8221;{}&#8221; open=&#8221;off&#8221;]</p>
<p>Les supports de formation en PDF sont accessibles à tout moment dans la rubrique &#8220;Documents&#8221; du portail de formation et doivent être téléchargés en fin de parcours. </p>
<p>[/et_pb_accordion_item][/et_pb_accordion][/et_pb_column][/et_pb_row][/et_pb_section]</p>

<p>Questions concernant la prise en charge par les OPCO L&#8217;organisme de formation DM Experts répond-il aux exigences du Référentiel National Qualité mentionné à l’article L. 6316-3 du Code du travail ? Oui, DM Experts est certifié Qualiopi par AFNOR Certification. Voir notre certificat : N° 2020/87211. Les formations proposées par DM Experts sont-elles prises en [&hellip;]</p>
